{"id":60,"date":"2018-06-28T13:00:40","date_gmt":"2018-06-28T13:00:40","guid":{"rendered":"http:\/\/www.kindergarten-st-margareth.de\/?page_id=60"},"modified":"2023-02-22T10:46:39","modified_gmt":"2023-02-22T10:46:39","slug":"vorschularbeit","status":"publish","type":"page","link":"https:\/\/www.kindergarten-st-margareth.de\/?page_id=60","title":{"rendered":"Vorschularbeit"},"content":{"rendered":"<p>F\u00fcr unsere Vorschulkinder findet t\u00e4glich von 8.30 &#8211; 9.00 Uhr das H\u00f6-lau-le- Sprachprogramm statt. Mittwochs bieten wir f\u00fcr die Vorschulkinder eine spezielle Besch\u00e4ftigung zur Vorbereitung auf die Schule an.<\/p>\n","protected":false},"excerpt":{"rendered":"<p>F\u00fcr unsere Vorschulkinder findet t\u00e4glich von 8.30 &#8211; 9.00 Uhr das H\u00f6-lau-le- Sprachprogramm statt. Mittwochs bieten wir f\u00fcr die Vorschulkinder eine spezielle Besch\u00e4ftigung zur Vorbereitung auf die Schule an.<\/p>\n","protected":false},"author":1,"featured_media":0,"parent":122,"menu_order":2,"comment_status":"closed","ping_status":"closed","template":"","meta":[],"_links":{"self":[{"href":"https:\/\/www.kindergarten-st-margareth.de\/index.php?rest_route=\/wp\/v2\/pages\/60"}],"collection":[{"href":"https:\/\/www.kindergarten-st-margareth.de\/index.php?rest_route=\/wp\/v2\/pages"}],"about":[{"href":"https:\/\/www.kindergarten-st-margareth.de\/index.php?rest_route=\/wp\/v2\/types\/page"}],"author":[{"embeddable":true,"href":"https:\/\/www.kindergarten-st-margareth.de\/index.php?rest_route=\/wp\/v2\/users\/1"}],"replies":[{"embeddable":true,"href":"https:\/\/www.kindergarten-st-margareth.de\/index.php?rest_route=%2Fwp%2Fv2%2Fcomments&post=60"}],"version-history":[{"count":6,"href":"https:\/\/www.kindergarten-st-margareth.de\/index.php?rest_route=\/wp\/v2\/pages\/60\/revisions"}],"predecessor-version":[{"id":358,"href":"https:\/\/www.kindergarten-st-margareth.de\/index.php?rest_route=\/wp\/v2\/pages\/60\/revisions\/358"}],"up":[{"embeddable":true,"href":"https:\/\/www.kindergarten-st-margareth.de\/index.php?rest_route=\/wp\/v2\/pages\/122"}],"wp:attachment":[{"href":"https:\/\/www.kindergarten-st-margareth.de\/index.php?rest_route=%2Fwp%2Fv2%2Fmedia&parent=60"}],"curies":[{"name":"wp","href":"https:\/\/api.w.org\/{rel}","templated":true}]}}

<p>Für unsere Vorschulkinder findet täglich von 8.30 &#8211; 9.00 Uhr das Hö-lau-le- Sprachprogramm statt. Mittwochs bieten wir für die Vorschulkinder eine spezielle Beschäftigung zur Vorbereitung auf die Schule an.</p>
