{"id":197,"date":"2018-11-07T12:28:56","date_gmt":"2018-11-07T12:28:56","guid":{"rendered":"http:\/\/www.kindergarten-st-margareth.de\/?page_id=197"},"modified":"2020-10-09T09:17:47","modified_gmt":"2020-10-09T09:17:47","slug":"oeffnungszeiten-des-hortes","status":"publish","type":"page","link":"https:\/\/www.kindergarten-st-margareth.de\/?page_id=197","title":{"rendered":"\u00d6ffnungszeiten des Hortes"},"content":{"rendered":"<p>\u00d6ffnungszeiten der Hortgruppe<br \/>\nDie \u00d6ffnungszeiten der Hortgruppe richten sich nach den \u00d6ffnungszeiten des Kinderhauses.<br \/>\nMontag: 11.45-16.00 Uhr<br \/>\nDienstag: 11.45-16.00 Uhr<br \/>\nMittwoch: 11.45-16.00 Uhr<br \/>\nDonnerstag: 11.45-16.00 Uhr<br \/>\nFreitag: 11.45- 14.00Uhr<br \/>\nF\u00fcr den Weg von der Schule zum Kindergarten sind die Eltern verantwortlich. Bitte \u00fcben Sie rechtzeitig den Schulweg.<\/p>\n","protected":false},"excerpt":{"rendered":"<p>\u00d6ffnungszeiten der Hortgruppe Die \u00d6ffnungszeiten der Hortgruppe richten sich nach den \u00d6ffnungszeiten des Kinderhauses. Montag: 11.45-16.00 Uhr Dienstag: 11.45-16.00 Uhr Mittwoch: 11.45-16.00 Uhr Donnerstag: 11.45-16.00 Uhr Freitag: 11.45- 14.00Uhr F\u00fcr den Weg von der Schule zum Kindergarten sind die Eltern verantwortlich. Bitte \u00fcben Sie rechtzeitig den Schulweg.<\/p>\n","protected":false},"author":1,"featured_media":0,"parent":118,"menu_order":1,"comment_status":"closed","ping_status":"closed","template":"","meta":[],"_links":{"self":[{"href":"https:\/\/www.kindergarten-st-margareth.de\/index.php?rest_route=\/wp\/v2\/pages\/197"}],"collection":[{"href":"https:\/\/www.kindergarten-st-margareth.de\/index.php?rest_route=\/wp\/v2\/pages"}],"about":[{"href":"https:\/\/www.kindergarten-st-margareth.de\/index.php?rest_route=\/wp\/v2\/types\/page"}],"author":[{"embeddable":true,"href":"https:\/\/www.kindergarten-st-margareth.de\/index.php?rest_route=\/wp\/v2\/users\/1"}],"replies":[{"embeddable":true,"href":"https:\/\/www.kindergarten-st-margareth.de\/index.php?rest_route=%2Fwp%2Fv2%2Fcomments&post=197"}],"version-history":[{"count":4,"href":"https:\/\/www.kindergarten-st-margareth.de\/index.php?rest_route=\/wp\/v2\/pages\/197\/revisions"}],"predecessor-version":[{"id":313,"href":"https:\/\/www.kindergarten-st-margareth.de\/index.php?rest_route=\/wp\/v2\/pages\/197\/revisions\/313"}],"up":[{"embeddable":true,"href":"https:\/\/www.kindergarten-st-margareth.de\/index.php?rest_route=\/wp\/v2\/pages\/118"}],"wp:attachment":[{"href":"https:\/\/www.kindergarten-st-margareth.de\/index.php?rest_route=%2Fwp%2Fv2%2Fmedia&parent=197"}],"curies":[{"name":"wp","href":"https:\/\/api.w.org\/{rel}","templated":true}]}}

Öffnungszeiten des Hortes

<p>Öffnungszeiten der Hortgruppe<br />
Die Öffnungszeiten der Hortgruppe richten sich nach den Öffnungszeiten des Kinderhauses.<br />
Montag: 11.45-16.00 Uhr<br />
Dienstag: 11.45-16.00 Uhr<br />
Mittwoch: 11.45-16.00 Uhr<br />
Donnerstag: 11.45-16.00 Uhr<br />
Freitag: 11.45- 14.00Uhr<br />
Für den Weg von der Schule zum Kindergarten sind die Eltern verantwortlich. Bitte üben Sie rechtzeitig den Schulweg.</p>

<p>Öffnungszeiten der Hortgruppe Die Öffnungszeiten der Hortgruppe richten sich nach den Öffnungszeiten des Kinderhauses. Montag: 11.45-16.00 Uhr Dienstag: 11.45-16.00 Uhr Mittwoch: 11.45-16.00 Uhr Donnerstag: 11.45-16.00 Uhr Freitag: 11.45- 14.00Uhr Für den Weg von der Schule zum Kindergarten sind die Eltern verantwortlich. Bitte üben Sie rechtzeitig den Schulweg.</p>
